*3 - 4*q**2 - 4*q - 2. Calculate p(w).
-2
Let k be -1 + (-6)/(-2) - 0. Suppose -k*w + 6*w - 20 = 0. Let q(t) be the third derivative of -t**6/120 + t**5/10 - t**4/8 - 7*t**3/6 - 5*t**2. Give q(w).
3
Let j(w) = -5*w. Let v(n) = -n**3 + 7*n**2 - 7*n + 9. Let c be v(6). Let z be ((-6)/4)/(c/(-4)). Let a(x) = -21*x. Let h(l) = z*a(l) - 9*j(l). Determine h(-2).
-6
Let s be 9*3/(27/6). Let i(r) = -s*r + r + 4*r. Determine i(3).
-3
Suppose -h - 2 + 1 = 0, 9 = -3*j - 3*h. Let k = 1 - -3. Let u(t) = 3 + k*t + 3*t**2 - 2*t - 4*t**2. Determine u(j).
-5
Let p(s) = 7 + 3 - 9 - 7*s. Determine p(-1).
8
Let r(g) = 3*g - 17. Let v be r(4). Let a(h) be the second derivative of 0 - h - 1/6*h**3 - 1/2*h**2. Determine a(v).
4
Let t(p) = -2*p + 2. Let a(m) = 5*m - 5. Let s(d) = 3*a(d) + 8*t(d). What is s(-1)?
2
Let b = 4 + -4. Let a(y) = 3 + 4*y + 0 + 2 - 3*y. Give a(b).
5
Let z(t) be the second derivative of -t**5/20 + t**4/12 + t**3/6 + t**2 - 7*t. Give z(2).
0
Suppose 4*h = -b + 1, b - 2*h - 13 = 6*b. Let p(o) be the third derivative of -o**6/120 - o**5/10 - 5*o**4/24 - o**3/3 - o**2. Determine p(b).
-14
Let u be 39/12 - (-6)/8. Suppose 0*x = u*x + 12. Let g(d) = d**2 + d - 4. Calculate g(x).
2
Let g(j) = -j**2 - 3 - 4*j**2 + 6*j**2 + 2*j. Let y(t) = -t**3 - 3*t**2 + 2. Let u be y(-3). Let l be (-2)/(8/(-6) + u). What is g(l)?
0
Let r = 5 + -2. Let y = 2 - r. Let f(s) = 3*s + 1 - 1 + 4 - 3. Give f(y).
-2
Let o(g) = -4 - 8*g + 16*g - 9*g. Let v be (-2)/(-8) - 2/8. Give o(v).
-4
Let i(r) = -4*r + 5. Let m(g) = -2*g + 3. Let x(u) = 4*i(u) - 7*m(u). Calculate x(1).
-3
Suppose 6 + 19 = -5*u - c, -5*c - 25 = 0. Let n = u + 5. Let y(f) = 9*f**2 + 1. What is y(n)?
10
Let w(s) = -5*s**2 + 3*s + 1. Let k(f) = 4*f**2 + 12*f**2 - 5*f**2 - 2 - 6*f. Let g(v) = 6*k(v) + 13*w(v). Suppose -31 = 3*m - 19. Give g(m).
5
Let p be -8*(1/(-2) - 0). Suppose p*x - 5*x = 5. Let t(o) = -o**2 - 5*o - 3. Give t(x).
-3
Let t = -1 - 0. Let u(s) = -s - 10. Let n be u(-15). Let z(x) = x + 451*x**2 - 451*x**2 - n*x**3 + 1. Calculate z(t).
5
Let a(i) be the second derivative of i**4/12 + i**3 + 2*i**2 - 16*i. Calculate a(-6).
4
Let z(t) be the third derivative of -t**4/24 - 7*t**3/6 + 19*t**2. Give z(-8).
1
Let g(s) = -4*s - 2 + s - 2*s + 7*s. Give g(-4).
-10
Let l(y) = 3*y + 1. Let m(p) = p. Let b = 3 + -4. Let r(a) = b*l(a) + 2*m(a). Suppose 7 = 5*s + 32. What is r(s)?
4
Let r(m) = -m**2 - m + 1. Let j = 0 + 0. Suppose j = b + 2*b - 3. What is r(b)?
-1
Let x(u) = -u**2 - u + 1. Let f = 4 - 5. Let s(y) = y**3 - y**2 + 5*y - 3. Let n(g) = f*s(g) - x(g). What is n(2)?
-6
Let u(z) be the first derivative of z**2 + z - 1. Let w be (18/(-12))/((-3)/4). Give u(w).
5
Let x = -5 - -6. Let f = x + -1. Let t(l) = -l + 7. Calculate t(f).
7
Suppose 5*j - h - 8 = 13, 2*j - 22 = -3*h. Let b = -1 + j. Let k(d) = 2*d + 3. Determine k(b).
11
Let h(d) = -d**2 + 5. Let v(r) = -r + 1. Let x(g) = -h(g) + 3*v(g). Let m(f) = -f**2 + 6*f + 3. Let u(w) = 3*m(w) + 5*x(w). Give u(-3).
8
Let x(s) = -s**2 + 2*s + 1. Suppose 5*i + 8 = 4*i. Let j = -5 - i. Give x(j).
-2
Let x(s) = s - 6. Suppose 2*b - 22 = -5*v, -4*b + 9 + 23 = 4*v. Determine x(b).
0
Let s(y) = y**2 - 3*y + 1. Let p be s(3). Let i(c) = -4 + p + 3 - c. Suppose 7*q = 2*q - 25. What is i(q)?
5
Let l(r) = -r**3 - 2. Let o(k) = -k + 2. Suppose -5*s = -0*s - 20. Let t be 48/20 - s/10. Let h be o(t). Give l(h).
-2
Let r(b) = -b**2 - 1. Let x(a) = 5*a**2 + 5*a - 2. Let c(d) = 4*r(d) + x(d). Calculate c(-6).
0
Let f be (-4)/(-6) + 14/(-21). Let q(b) = 1 + b**2 - 2 - b + f*b + 2*b. Determine q(-3).
5
Let g(i) = -i**3 + 7*i**2 - i + 8. Let f(z) = 6*z**2 + 33*z - 11. Let p be f(-6). Determine g(p).
1
Let b(g) = -9*g**3 - 4*g**2 - 13*g + 5. Let w(a) = -5*a**3 - 2*a**2 - 7*a + 3. Let j(h) = 4*b(h) - 7*w(h). Calculate j(-2).
5
Suppose -v = -1 + 6. Let n(y) = 2*y + 6. Determine n(v).
-4
Let p(d) = -d**3 - 2*d**2 + 2. Suppose -2 = -u + 2*u. Calculate p(u).
2
Let h be 0 - (-2)/(1 - 3). Let l(z) be the first derivative of -z**3 + z**2/2 + z + 111. Calculate l(h).
-3
Let o = 27 + -23. Let w(h) = h**3 - 4*h**2 - 2*h + 1. Calculate w(o).
-7
Suppose -8 = -3*k - 2. Let s be (1 - k - -2) + -2. Let x be 2*1 + (0 - s). Let n(r) = -3*r + 3. Calculate n(x).
-6
Let d(j) = j**2 + 6*j - 5. Suppose -l + i = 2*l - 2, 4*l = -5*i - 29. Let p be l + -8 + 0/(-2). Let h = p - -4. Give d(h).
-10
Let k(g) = g**2 - 6*g - 7. Let y be k(8). Suppose d = -0*d - h - 6, d - y = 2*h. Let f(j) = -2*j + 7*j - j. Determine f(d).
-4
Let z = -2 - -4. Let r(v) = 4*v + 1. Give r(z).
9
Let w = -5 - -6. Let x = w - 1. Let p(o) be the third derivative of o**4/24 - o**3/3 + o**2. Determine p(x).
-2
Let o(c) = -c**3 - 6. Let d(g) = -g + 2. Suppose -2*n - 4 = -0. Let z be d(n). Let p = z - 4. Give o(p).
-6
Let a(b) = -2*b - 1. Let m be ((-2)/(-4))/(4/(-8)). Let q be (3 - (-3 - -2)) + m. Determine a(q).
-7
Let j(q) = -q**2 - 6*q - 4. Let d be j(-6). Let r(i) = 0*i**2 + 0*i**2 - 2*i + 1 + 4 - i**2. Determine r(d).
-3
Suppose 37 = -8*g - 11. Let i(h) = h**3 + 7*h**2 + 7*h - 2. Give i(g).
-8
Let p = 0 - -6. Let c = p - 7. Let k = 2 - c. Let n(d) = 2*d - 4. Determine n(k).
2
Let i(o) = -5 + 1 + 4*o**2 + 7*o - o**3 - 4 + 1. Let y(j) = j**3 - 7*j**2 + 8*j - 7. Let a be y(6). What is i(a)?
3
Let a(v) = v**3 - 6*v**2. Let f(k) = k**2 + 4*k + 1. Let t be f(-5). What is a(t)?
0
Suppose 5 = 2*c - 3. Let z(h) = -2*h**2 + 6*h - 4. What is z(c)?
-12
Let s(k) = 2*k - 13. Let y be s(9). Let t(i) = -i + 5. What is t(y)?
0
Let k(f) = f**2 - f. Let a(q) = -7*q**2 + 12*q - 2. Let z(b) = -a(b) - 6*k(b). Calculate z(6).
2
Let r(w) = w**3 + 2*w - 2. Let a(n) = -2*n + 9. Let o(k) = -k. Let d(t) = a(t) - 3*o(t). Let j be d(-7). What is r(j)?
10
Suppose y - 3 = 0, -d + 2*y - 6 = -0*d. Let p(v) = -v**2 - 6. Determine p(d).
-6
Let b = -7 - -3. Let i(d) = 5*d - 5. Let s(q) = 4*q - 4. Let w(x) = -4*x - 1. Let u be w(1). Let m(p) = u*i(p) + 6*s(p). Give m(b).
5
Let a(q) be the third derivative of -q**6/60 - q**5/30 - q**3/6 + 37*q**2. Calculate a(-2).
7
Let i(j) = j**3 - 3*j**2 + 3*j - 1. Let a(r) = -r**3 - r**2 + 2*r - 1. Let s be a(-2). Let t be (s + 0)*(-25)/5. Suppose 0 = 5*k - 20 + t. Give i(k).
8
Let h = 7 - 7. Suppose 5*y - 15 + h = 2*f, 0 = y - 3*f - 16. Let d(m) = -2*m**3 - 1. Give d(y).
-3
Let h(d) = 9*d - 17 - 8*d - 1. Let z be h(12). Let m(a) = -a**3 - 7*a**2 - 7*a. Determine m(z).
6
Let u(i) = 3*i**3 - i + 3*i**3 - 2 - 2*i**2 - 4*i**3. Suppose -4 = -5*r + 3*r. Let b be u(r). Let n(q) = -q**2 + 8*q - 6. Calculate n(b).
10
Let h = 7 - 13. Let d = h - -12. Let f(j) = j**3 + 7*j - 2*j**3 + 1 + 0*j**2 - 5*j**2 + d. Calculate f(-6).
1
Let k(w) be the first derivative of w**2/2 - 7*w - 18. Determine k(7).
0
Let w(r) = -r**2 - 3*r + 4. Let t be w(-4). Let f be (t - -1)*0/2. Let g(a) = 0*a**3 + a**3 - 4*a**2 + 0 + 2*a + f. Give g(3).
-3
Let m(l) = -5*l - 13. Let v be m(-7). Let g = 20 - v. Let j(w) = -w**2 + w + 1. Determine j(g).
-5
Let z = 2 + 0. Let x(g) = 6*g**2. Let f(n) = 5*n**2. Let o(u) = z*f(u) - 3*x(u). Determine o(1).
-8
Suppose 0 = j + 4*s - 28, 4*j - 42 + 15 = s. Let w(c) = c**3 - 9*c**2 + 8*c - 9. Give w(j).
-9
Let k(r) be the third derivative of r**6/120 + 7*r**5/60 - 5*r**4/12 + r**3/3 + 28*r**2. Give k(-8).
18
Let v(n) = -n - 4. Let k(a) = -3*a + 22. Let s be k(9). Calculate v(s).
1
Let v(m) = m**2 - 4*m + 3. Let f be v(4). Let b(w) = -3*w**2 + w**3 + 2 + 2 - w**2. Give b(f).
-5
Let k(x) = -x - 5. Let h be k(-6). Let v(o) = 18*o**2 - 2*o + 1. What is v(h)?
17
Let n be (-4)/5*(-10)/4. Let o(x) = 4*x**n - 3*x**2 + x**2 - 1. Let h be o(-1). Let i(m) = -3*m**3 + 2*m**2 - 2*m + 1. Give i(h).
-2
Let t(b) = 8*b**2. Suppose -5*j = -3 - 2. What is t(j)?
8
Let c(v) = -3*v**3 + v**2 - v. Let q = 13 + -10. Suppose q*x - 4*x = -1. Give c(x).
-3
Suppose p + 2*p - 6 = 0. Suppose 4*j - 4 = j + 5*x, 0 = 4*j - 2*x - 10. Let t(o) = 2*o - o**j - 3*o**2 + 0*o + 5*o**2 - 3. Give t(p).
1
Let m(n) = n**2 - 3. Let v be m(0). Let q(c) = c**3 + 2*c**2 - 3*c + 4. Give q(v).
4
Let t(k) = 2*k + k - 5*k**2 - 6 + 3. Let p(m) = 10*m**2 - 7*m + 7. Let h(g) = -2*p(g) - 5*t(g). Give h(1).
5
Suppose 5*n - 3*y - 4 - 2 = 0, -y - 2 = 0. Let z(u) = -4*u + 3*u - 27 + 12. Calculate z(n).
-15
Let r = -26 + 33. Let a(j) = j**3 - 7*j**2 + 4. Give a(r).
4
Let l(o) = -o - 